571 is divided by 4.
3
Calculate the remainder when 399 is divided by 119.
42
What is the remainder when 59 is divided by 20?
19
Calculate the remainder when 300 is divided by 77.
69
Calculate the remainder when 164 is divided by 33.
32
What is the remainder when 282 is divided by 123?
36
What is the remainder when 6040 is divided by 53?
51
What is the remainder when 55 is divided by 17?
4
Calculate the remainder when 543 is divided by 86.
27
What is the remainder when 558 is divided by 51?
48
Calculate the remainder when 18 is divided by 3.
0
What is the remainder when 606 is divided by 68?
62
What is the remainder when 232 is divided by 154?
78
What is the remainder when 5259 is divided by 7?
2
What is the remainder when 162 is divided by 50?
12
What is the remainder when 50 is divided by 14?
8
What is the remainder when 766 is divided by 251?
13
What is the remainder when 275 is divided by 131?
13
What is the remainder when 197 is divided by 55?
32
What is the remainder when 1190 is divided by 55?
35
What is the remainder when 830 is divided by 99?
38
Calculate the remainder when 580 is divided by 73.
69
Calculate the remainder when 91 is divided by 45.
1
Calculate the remainder when 3890 is divided by 387.
20
What is the remainder when 248 is divided by 65?
53
Calculate the remainder when 327 is divided by 6.
3
What is the remainder when 1664 is divided by 832?
0
Calculate the remainder when 33 is divided by 26.
7
What is the remainder when 62 is divided by 29?
4
Calculate the remainder when 6 is divided by 3.
0
What is the remainder when 361 is divided by 31?
20
Calculate the remainder when 363 is divided by 46.
41
Calculate the remainder when 2956 is divided by 51.
49
Calculate the remainder when 605 is divided by 38.
35
Calculate the remainder when 87 is divided by 17.
2
Calculate the remainder when 841 is divided by 23.
13
Calculate the remainder when 258 is divided by 20.
18
Calculate the remainder when 482 is divided by 131.
89
What is the remainder when 2500 is divided by 507?
472
What is the remainder when 372 is divided by 27?
21
Calculate the remainder when 104 is divided by 96.
8
Calculate the remainder when 1319 is divided by 66.
65
Calculate the remainder when 6242 is divided by 201.
11
What is the remainder when 392 is divided by 33?
29
What is the remainder when 47 is divided by 23?
1
Calculate the remainder when 73 is divided by 5.
3
Calculate the remainder when 1267 is divided by 126.
7
Calculate the remainder when 19449 is divided by 142.
137
Calculate the remainder when 316 is divided by 29.
26
Calculate the remainder when 270 is divided by 26.
10
What is the remainder when 74 is divided by 37?
0
What is the remainder when 496 is divided by 36?
28
Calculate the remainder when 303 is divided by 38.
37
Calculate the remainder when 2281 is divided by 297.
202
Calculate the remainder when 34 is divided by 2.
0
Calculate the remainder when 1707 is divided by 30.
27
Calculate the remainder when 293 is divided by 37.
34
Calculate the remainder when 309 is divided by 35.
29
What is the remainder when 2197 is divided by 110?
107
What is the remainder when 5061 is divided by 12?
9
What is the remainder when 232 is divided by 129?
103
What is the remainder when 1343 is divided by 8?
7
What is the remainder when 517 is divided by 4?
1
Calculate the remainder when 55 is divided by 15.
10
What is the remainder when 28 is divided by 21?
7
What is the remainder when 212 is divided by 55?
47
What is the remainder when 115 is divided by 65?
50
Calculate the remainder when 5558 is divided by 5.
3
Calculate the remainder when 149 is divided by 48.
5
Calculate the remainder when 279 is divided by 154.
125
Calculate the remainder when 410 is divided by 106.
92
Calculate the remainder when 59 is divided by 15.
14
What is the remainder when 232 is divided by 78?
76
Calculate the remainder when 682 is divided by 89.
59
Calculate the remainder when 369 is divided by 9.
0
What is the remainder when 27223 is divided by 164?
163
Calculate the remainder when 1085 is divided by 16.
13
Calculate the remainder when 253 is divided by 53.
41
What is the remainder when 29 is divided by 19?
10
Calculate the remainder when 833 is divided by 44.
41
Calculate the remainder when 11589 is divided by 15.
9
What is the remainder when 147 is divided by 39?
30
What is the remainder when 3641 is divided by 81?
77
Calculate the remainder when 7883 is divided by 108.
107
What is the remainder when 34 is divided by 12?
10
What is the remainder when 243 is divided by 143?
100
Calculate the remainder when 30732 is divided by 136.
132
Calculate the remainder when 615 is divided by 104.
95
Calculate the remainder when 832 is divided by 116.
20
What is the remainder when 881 is divided by 422?
37
Calculate the remainder when 303 is divided by 22.
17
Calculate the remainder when 79 is divided by 49.
30
What is the remainder when 231 is divided by 29?
28
What is the remainder when 2037 is divided by 24?
21
Calculate the remainder when 109 is divided by 23.
17
Calculate the remainder when 359 is divided by 45.
44
What is the remainder when 299 is divided by 106?
87
What is the remainder when 1091 is divided by 266?
27
What is the remainder when 518 is divided by 256?
6
What is the remainder when 1182 is divided by 170?
162
What is the remainder when 163 is divided by 63?
37
What is the remainder when 403 is divided by 102?
97
Calculate the remainder when 421 is divided by 47.
45
What is the remainder when 2204 is divided by 85?
79
Calculate the remainder when 89 is divided by 18.
17
Calculate the remainder when 831 is divided by 32.
31
What is the remainder when 93 is divided by 51?
42
What is the remainder when 2462 is divided by 88?
86
Calculate the remainder when 1001 is divided by 332.
5
What is the remainder when 31 is divided by 4?
3
Calculate the remainder when 620 is divided by 11.
4
What is the remainder when 3589 is divided by 80?
69
What is the remainder when 34 is divided by 6?
4
Calculate the remainder when 520 is divided by 169.
13
What is the remainder when 352 is divided by 258?
94
Calculate the remainder when 347 is divided by 339.
8
What is the remainder when 685 is divided by 4?
1
What is the remainder when 527 is divided by 48?
47
Calculate the remainder when 2197 is divided by 183.
1
What is the remainder when 4779 is divided by 171?
162
Calculate the remainder when 81 is divided by 33.
15
Calculate the remainder when 10081 is divided by 33.
16
Calculate the remainder when 138 is divided by 10.
8
Calculate the remainder when 8369 is divided by 4178.
13
Calculate the remainder when 921 is divided by 14.
11
What is the remainder when 269 is divided by 130?
9
What is the remainder when 259 is divided by 251?
8
Calculate the remainder when 331 is divided by 271.
60
What is the remainder when 654 is divided by 126?
24
What is the remainder when 246 is divided by 10?
6
What is the remainder when 833 is divided by 38?
35
What is the remainder when 542 is divided by 32?
30
Calculate the remainder when 207 is divided by 7.
4
Calculate the remainder when 1502 is divided by 16.
14
Calculate the remainder when 561 is divided by 117.
93
What is the remainder when 239 is divided by 81?
77
What is the remainder when 45 is divided by 16?
13
What is the remainder when 298 is divided by 82?
52
What is the remainder when 163 is divided by 41?
40
Calculate the remainder when 14 is divided by 2.
0
What is the remainder when 2079 is divided by 40?
39
What is the remainder when 123 is divided by 67?
56
What is the remainder when 1194 is divided by 92?
90
Calculate the remainder when 388 is divided by 62.
16
Calculate the remainder when 365 is divided by 333.
32
What is the remainder when 141 is divided by 96?
45
Calculate the remainder when 764 is divided by 77.
71
Calculate the remainder when 61 is divided by 27.
7
Calculate the remainder when 2096 is divided by 162.
152
What is the remainder when 96 is divided by 61?
35
Calculate the remainder when 378 is divided by 61.
12
Calculate the remainder when 114 is divided by 50.
14
Calculate the remainder when 581 is divided by 167.
80
Calculate the remainder when 112 is divided by 10.
2
Calculate the remainder when 689 is divid